uppose -7*v + w = 10. Suppose -v*q - 2*u + 12 = 2*u, -8 = -2*q - 4*u. Calculate the greatest common divisor of q and 16.
2
Let z(u) = 18*u**2 - 20*u - 22. Let d be z(-3). What is the highest common divisor of 10200 and d?
200
Let i = 11604 + -11178. Suppose 0*j = 5*j + 5*o - 345, 4*j + 5*o = 274. What is the greatest common divisor of i and j?
71
Suppose -49 = -4*x + 95. Let g be (-191444)/(-638) + 24 + 6/(-87). What is the greatest common factor of g and x?
36
Let j be ((-3737)/8)/(18/(-144)). Calculate the highest common factor of j and 148.
37
Let y = 29 + -37. Let t be (y/12)/(10/(-915)). Let p be (5/(-2))/(-5)*(t + -1). Calculate the highest common divisor of p and 18.
6
Let j = -177 + 106. Let z = j - -171. Suppose 5*l = 10*l - z. What is the highest common factor of 4 and l?
4
Let k = 391 + -389. Suppose m = 2*h - 16, k*h + 10*m - 20 = 13*m. Calculate the highest common divisor of 21 and h.
7
Let q be ((-1264)/(-5))/8 + 2/5. Let j = 114 + 183. Suppose -3*x - 57 = -j. Calculate the highest common divisor of q and x.
16
Let y be 404/12 + 2 + -7 + (-275)/(-33). Let h = 2 - 1. Let c be 545/5 + 2*h. Calculate the greatest common factor of y and c.
37
Let d be 110/20*168/22. Calculate the greatest common factor of d and 140.
14
Suppose 0 = 8*f - 2*s - 1755 - 705, 5*s = 4*f - 1254. What is the greatest common divisor of f and 378?
18
Let x(r) = -37*r - 623. Let t be x(-23). Calculate the greatest common divisor of t and 342.
114
Let k = 457 + -463. Let i(z) = 7*z**2 + 37*z + 21. Let y be i(k). Calculate the greatest common factor of y and 323.
17
Suppose -1949 = -7*d - 3*d + 22751. What is the highest common factor of 170 and d?
10
Let z be (-1 + 6/(-8))/(3/(-24)). Suppose 2309*f - 2294*f = 1050. Calculate the highest common factor of z and f.
14
Let a = -3051 + 3123. What is the greatest common divisor of a and 2988?
36
Let r(h) = -8*h - 59. Suppose 21 = -11*s - 122. Let l be r(s). Calculate the greatest common divisor of 18 and l.
9
Suppose 13 + 1 = s. Suppose -94 = -s*o + 74. Suppose -2*u = -157 + 85. Calculate the highest common divisor of u and o.
12
Suppose -1161 - 207 = -3*c. Suppose 5*n - 121 - 539 = 0. Let l = n + -75. What is the highest common divisor of l and c?
57
Suppose -5*j - 14 = -12*j. Suppose j*d + 90 = 5*d. Suppose 2*v + 0*v = d. Calculate the highest common factor of 15 and v.
15
Let d(s) = -s**2 + 8*s - 17. Let z be d(7). Let j = 78 + z. Suppose j = 2*f - r, -3*r = f + 9 - 29. What is the highest common divisor of 48 and f?
16
Let t = -231 + 69. Let y = t + 500. What is the greatest common divisor of y and 78?
26
Let r(z) = -z**3 - 17*z**2 - 2*z + 22. Let n = 447 + -464. Let l be r(n). Let a be ((-8)/(-24))/((-2)/(-42)). What is the highest common divisor of a and l?
7
Let p be 44/12*5*-3. Let f = -42 - p. Let z(w) = w**3 + 5*w**2 + w - 2. Let a be z(-3). What is the greatest common divisor of f and a?
13
Let p be ((-2)/6)/((-1)/(-69)). Let r = p - -28. Suppose 0 = r*q - 2*b - 89, -2*q + 2*b + 29 = -b. What is the greatest common divisor of q and 152?
19
Suppose 0 = 29*h + 25 - 112. Suppose -2 = h*t - 4*t, 0 = 3*u + 4*t - 674. What is the greatest common divisor of u and 6?
6
Let d(g) = -28*g**2 + 6*g - 5. Let f be d(2). Let z = f + 107. Let b be 4/(-5)*5/(-2). What is the greatest common divisor of b and z?
2
Let p be (2 - -1) + (-3 - -3). Suppose 5*a - 3*j - 130 + 35 = 0, -4*a - p*j = -103. Let s = 33 - a. What is the highest common divisor of 121 and s?
11
Suppose 156*q - 19772 = 18604. Calculate the highest common divisor of 192 and q.
6
Let x(j) = -j**3 + 7*j**2 + 4*j - 58. Let l be x(6). Let o be 0 - (-7 - (-3 - l) - 8). Calculate the highest common divisor of o and 290.
10
Let i be (-1)/(2/(-45)) - 3/2. Suppose -147 - 609 = -54*r. What is the highest common factor of i and r?
7
Suppose 3*p - 18 = -3*v, 0 = -v - 2*v + 4*p - 10. Suppose v*k - 2 + 46 = 3*y, y - 2*k - 8 = 0. Calculate the greatest common factor of 6 and y.
6
Let u(d) = 217 - 8980*d + 8989*d - 71. Let m be u(7). Let b be (1*-19)/(-1) - 0. Calculate the greatest common factor of m and b.
19
Suppose -352*g + 462 = -319*g. Calculate the greatest common divisor of 238 and g.
14
Let b = -21089 + 22288. Calculate the highest common divisor of b and 330.
11
Suppose 14*d = 8*d + 132. Suppose -l + 5*l = h - d, 17 = -4*h - 5*l. Suppose -4*r = -8, a - 34 = -h*r - 3*r. What is the greatest common factor of 60 and a?
12
Let j be (-4 - -197 - 3) + 2. Let f = 226 - j. Calculate the highest common factor of f and 85.
17
Let d(y) = -9*y - 115. Let o be d(-13). Suppose b = -23*w + 25*w - 959, -o*w = -2*b - 964. What is the highest common divisor of 9 and w?
9
Suppose 37*q = 71*q + 238. Let p be (q + -13)/(-4) + (382 - 3). What is the highest common divisor of 36 and p?
12
Suppose -2*i + 6*i = 16. Suppose -18409*z + 18439*z = 30. What is the highest common factor of i and z?
1
Let h = 41 - -89. Suppose -6*u + 314 + h = 0. Suppose -6*l + u = -22. What is the highest common divisor of l and 144?
16
Suppose 33 = -3*b + 96. Let l be (-4279)/(-7) + (-25984)/11368. What is the highest common factor of l and b?
21
Let c(a) = -a**3 + 5*a**2 + 6*a. Let b be c(5). Suppose -46*x - 5*x + 7830 = -42*x. Calculate the greatest common factor of x and b.
30
Let o(u) = 75*u**2 - 2*u - 13. Let p be o(-5). Let i be -2 + p/14 - 4/(-14). What is the highest common factor of 36 and i?
12
Let q = -7673 - -7781. What is the highest common factor of 9504 and q?
108
Let x be (1/2)/((-192)/(-491520)). What is the greatest common divisor of x and 5?
5
Let v = -109 + 114. Suppose 96 = v*t - 394. What is the greatest common factor of 147 and t?
49
Let q be (-5)/((-125)/5) + 144/30. Let b be 4 + 5 + (q - (2 + -1)). What is the highest common factor of 273 and b?
13
Suppose 2*f - 7 = 11. Suppose 34*i = 35*i - f. Suppose -i*g + 73 = 19. Calculate the greatest common divisor of 78 and g.
6
Suppose 4*u - 5*x - 225 = 105, -326 = -4*u + 3*x. Calculate the greatest common divisor of u and 90.
10
Suppose 1371 - 5557 = 14*v. Let c = 301 + v. Calculate the greatest common factor of 18 and c.
2
Let z(m) = 15*m - 9. Let d be z(5). Suppose -10*x + d = -7*x. Suppose -3*l + 13 = 7. What is the highest common divisor of l and x?
2
Let d = 150 - 98. Suppose -2*r = 20 + 24. Let j = r + 26. What is the highest common factor of d and j?
4
Let p(w) = 17*w**2 + 1056*w + 128. Let o be p(-62). Calculate the greatest common factor of 221 and o.
1
Let t(x) = x**3 - x**2 - 4. Let i be t(2). Suppose i = -d - d + 390. Suppose 0 = 9*p + d - 600. What is the highest common divisor of 9 and p?
9
Suppose -n + 87 - 293 = -5*s, 0 = s + 4*n - 58. What is the greatest common factor of 798 and s?
42
Let m(l) = 2*l**2 + 21*l + 39. Let p be m(-7). Let r be (-82)/(-1) + (p - -8). What is the highest common factor of r and 48?
16
Suppose 6*l - 10*l + 1135 = 5*p, -5*p = 5. Let y be (-342)/l - ((-2958)/15 - 2). Let v = 8 - -10. Calculate the greatest common factor of v and y.
18
Suppose -2*m + 7*d = 5*d - 158, 2*d - 322 = -4*m. Calculate the highest common factor of 256 and m.
16
Suppose 0 = -4*o + 2*a - 726, -1 = -2*a + 5. Let g be ((-48)/(-15))/((-6)/(-645)). Let t = g + o. What is the greatest common divisor of t and 41?
41
Let t(w) = -w**3 + 51*w**2 + 13*w + 147. Let j be t(51). Calculate the highest common factor of 320 and j.
10
Suppose 2*t - 4*l + 2 = 0, 4*l - 8 = 4*t - 8*t. Let n(b) = b**3 - 30*b**2 - 172*b - 94. Let y be n(35). What is the highest common divisor of y and t?
1
Let k(i) = 58*i - 108. Let g be k(5). What is the highest common factor of 104 and g?
26
Suppose -4 = -2*k - 4*m, 7*m + 4 = 2*k + 8*m. Let y be (k/7)/((-3)/(-546)). What is the highest common factor of 2 and y?
2
Suppose -l + 487 = -3*i, 4*l = 3*l + 5*i + 483. Suppose -16*u = -l - 1267. Let o(q) = q + 3. Let k be o(7). What is the greatest common divisor of k and u?
10
Let t be (3/(-5) - 0) + (-1089)/(-165). Suppose 6*i = i + 245. Suppose -t - i = -5*x. What is the highest common divisor of 33 and x?
11
Let g = -245 - -247. Suppose 3*j - 90 = -3*m, -45 = -2*m + g*j + 7. Calculate the greatest common divisor of m and 12.
4
Let g(z) = 2*z**2 - 12*z - 42. Let q be g(9). Let v = 13 - 15. Let x(j) = -2*j**3 - 4*j**2 - 3*j. Let r be x(v). Calculate the highest common